24. Let y be (-7 + (-25)/z)*-2. Let g(t) = -2*t + 3. Determine g(y).
-5
Let m(x) = 2*x - 23. Let f(z) = -10*z + 112. Let d(h) = 2*f(h) + 11*m(h). Calculate d(17).
5
Suppose 0 = 3*z - 3, 2*z = 4*u - 5*u + 3. Let q(i) = u + 9 - 7 - 3*i. Determine q(2).
-3
Let b(i) = 18 - 4*i + i + 4*i - 9. Give b(4).
13
Let u(d) be the second derivative of -d**5/20 - 7*d**4/12 - d**3 + 5*d**2/2 - 2*d - 77. What is u(-6)?
5
Let v = 397 + -393. Let s(c) = 2*c**2 - 5*c + 6. Calculate s(v).
18
Let o(p) = 2*p**2 + 5*p - 4. Let y be (12/3)/(12/9). Suppose 2*g + y = 9. Suppose -21 - g = 6*z. Determine o(z).
8
Suppose 0 = -3*w + 1 + 2. Suppose 5*t - 3*s = 12, -t + 4*s + 8 = 3*t. Let q(j) = -2*j**t - 3*j - 1 + 4*j + 5*j - 5*j. Give q(w).
-2
Let g(a) = a**2 + 5*a - 4. Suppose 5*f = -5*y + 6 - 1, y + 5 = -4*f. Suppose 0*o = 5*x + y*o - 10, -6 = -3*x - 5*o. Suppose x*p = 4 - 18. Determine g(p).
10
Let w(b) be the second derivative of -b**5/20 - b**4/12 + 2*b**3/3 - 3*b**2/2 - 66*b. What is w(2)?
-7
Let c(n) be the first derivative of -n**4/4 - 7*n**3/3 - 2*n**2 - 5*n - 158. What is c(-6)?
-17
Suppose 6 = m - i, m + i = 3*i + 9. Suppose -3*t - 1 = -0*h - 4*h, 0 = 3*h - m*t - 3. Let y(q) = -2*q**3 - 2*q**2 + 2*q + 2. Determine y(h).
6
Let q(g) be the first derivative of g**4/4 + 2*g**3 + g**2/2 + g + 16. Let x(u) = u**3 - 3*u**2 - 7*u + 5. Let s be x(4). Let y = 1 + s. Give q(y).
-5
Let i(x) = 31 - 6*x**2 + 4*x - 30 - 4. Determine i(2).
-19
Let g(u) be the second derivative of 0 - 4/3*u**3 + 1/12*u**4 + 0*u**2 - 10*u + 1/120*u**5. Let v(m) be the second derivative of g(m). Give v(0).
2
Suppose 5*s = 3*v - 2*v - 3, 3 = 3*s + v. Let q(n) = n**3 + 2*n - 2. Determine q(s).
-2
Let s(p) = -9*p**2 + 7*p + 6. Let r(w) = 11*w**2 - 7*w - 6. Let a(f) = -5*r(f) - 6*s(f). Determine a(-9).
-24
Let w(x) = 8*x + 5. Let h(g) = -7*g - 5. Let b(k) = -6*h(k) - 5*w(k). Let y be (4 - -3) + -4 + -1. Suppose -20 = 3*s + y*t, 5*t - 3*t - 8 = 4*s. Give b(s).
-3
Suppose 2 = -0*i - i. Let z(l) = 6*l**2 - 2*l + 1. Let r(j) = -8*j**2 + 2*j - 1. Let k(p) = -4*r(p) - 5*z(p). Give k(i).
3
Let s(l) = -4*l + 10 + 5*l + l - l. Let o be -14 + (-1)/(6 - 7) + 3. What is s(o)?
0
Let v(x) = x**2 - 3*x. Let l(c) = -c**3 - 3*c**2 + 15*c + 36. Let j be l(-2). Give v(j).
-2
Let v be -2*-3*(-2)/4. Suppose 6*l - 17 = 3*l + 2*t, -t = 4. Let c = v - l. Let w(y) = y**3 + 6*y**2 + y + 7. What is w(c)?
1
Suppose -5*n + 3*a = 0, -n = 4*n - a. Let b = -2 - n. Let g(w) = 4*w + 1. What is g(b)?
-7
Suppose -6*x + 44 = 14. Let t(j) = j**2 - 4*j + 1. Calculate t(x).
6
Suppose 0*f + 8 = -4*f. Let q be 6 - f/(0 - 2). Let h(g) = -2*g**2 + 7*g**2 - 3*g**2 - g**2 - q*g + 2. Determine h(5).
2
Suppose -14 = 4*d - 4*n + 22, 2*d - 5*n = -30. Let y(u) = -2*u**3 - 8*u**2 - 3*u + 2. Determine y(d).
67
Let s(y) be the third derivative of -y**6/180 - y**5/60 - 7*y**4/24 - 4*y**2. Let o(b) be the second derivative of s(b). Determine o(-2).
6
Let w(t) = -t**3 - 7*t**2 - 4*t - 3. Let d = -416 + 409. What is w(d)?
25
Let x(o) be the first derivative of 21*o**4/4 - o**3/3 - o**2/2 + o + 98. Give x(1).
20
Let r(g) = 10*g + 1. Let t(j) = -2*j + j + 0*j + 1 + 0. Let s(v) = -r(v) + 2*t(v). Suppose 0*y - 4*y = -4. Determine s(y).
-11
Suppose -4*o = -0*v - v + 23, 3*o - 5*v + 13 = 0. Let j(a) be the second derivative of a**4/12 + 2*a**3/3 - 4*a**2 + 1691*a. What is j(o)?
4
Let t(m) = -m**2 + 3*m - 1. Let i be 32/14 + 8/(-28). What is t(i)?
1
Let r(l) be the first derivative of 2*l**3/3 + l**2 + l - 1. Let d be (-18)/(-63) - (-1544)/(-14). Let q be (-11)/(-5) - (-22)/d. Give r(q).
13
Let a(u) = -u**3 + 14*u**2 + 2*u - 28. Let q be a(14). Let d(b) = -b + 3. Give d(q).
3
Suppose 6*o + 5*g = 5*o + 3, 3*o + 2*g + 30 = 0. Let x = 13 + o. Let w(a) = a**2 - 3*a**3 - 3 + 5*a**3 + 2. Calculate w(x).
2
Let a(l) = -l**2 - l. Let v(m) = -m + 6*m**2 + 7*m + 2*m + m. Let z(g) = 5*a(g) + v(g). What is z(-4)?
0
Let q(b) = -3*b**2 + b + 1. Suppose -5*p + 2*p - 15 = -4*i, 3*p - i = -15. Suppose 4*j = 2*j - 6. Let w be j - (p - -1 - -2). What is q(w)?
-3
Let l(x) be the first derivative of x**2 + 1/6*x**3 + 8*x - 11. Let p(c) be the first derivative of l(c). What is p(3)?
5
Let m be ((-1)/2)/(1/(-14)). Let s(n) = 4*n - 12. Let p(a) = -3*a + 1. Let l(b) = -p(b) - s(b). What is l(m)?
4
Let l(i) be the first derivative of -i**2/2 + 4*i + 181. What is l(2)?
2
Let z(o) = o**3 - 4*o**2 - 14*o + 6. Suppose -5*s + 36 = 74*b - 71*b, 2*s = -b + 14. Calculate z(s).
-6
Suppose o - 3*s + 0*s + 42 = 0, -16 = 4*s. Let f = -57 - o. Let x(b) = -b**2 - 4*b + 2. Calculate x(f).
5
Let j(w) be the second derivative of 25*w**4/12 + w**2 - w + 21. Calculate j(-1).
27
Suppose -4*r = -3*z + 11 + 18, -22 = -4*z - 3*r. Let n(b) = 5*b - 7. Determine n(z).
28
Let z(c) = -c**3 + 8*c**2 - 7*c - 7. Let k(a) = a**3 - 7*a**2 + 15. Let x be k(8). Let v = 86 - x. What is z(v)?
-7
Let d(a) = -6*a - 37 + 13 + 2*a + 18. What is d(5)?
-26
Suppose 5*u - 3*y - 32 = 0, -5*y - 4 = -2*u + 6*u. Let r = 34 - 31. Let k(g) = g + g**2 - 5*g**2 - r - 4*g**3 + 5*g**3. What is k(u)?
1
Let z(t) be the first derivative of t**4/4 - 8*t**3/3 - t**2/2 + 12*t - 22. Calculate z(8).
4
Let b(g) be the third derivative of 0 + 0*g - 1/24*g**4 + 51*g**2 + 2/3*g**3. Let k be (-1 + 0)*(-1 + 5). Calculate b(k).
8
Let a(n) = 71*n**2 - 3*n**3 - n**3 - 1 - 69*n**2. Let d(r) = -5*r**3 + 3*r**2 - 2. Let z(j) = 6*a(j) - 5*d(j). Give z(3).
4
Suppose 0 = 5*s + 2*o - 11, -3*o - 5 = -3*s + 10. Let w(y) = -y**3 + 4*y**2 - 2*y + 4. Determine w(s).
7
Let z(x) = x**2 - 6*x + 4. Let n be (-2)/(-6) + (-40)/(-15). Suppose -5*k - 4*o = -3*k - 10, 0 = -n*o. Calculate z(k).
-1
Let n(p) be the second derivative of p**3/6 + 6*p**2 - 888*p. Let g(y) = y. Let q be g(-6). Calculate n(q).
6
Suppose -4*m + 11 = 3. Suppose 4*q - 14 = m*x, 4*x - 19 = x - 4*q. Let u(g) = 4*g + 1. Let j be u(x). Let h(z) = -z + 7. Determine h(j).
2
Let i(f) = f**3 - 5*f**2 - 2*f - 1. Let x be (1 - 8) + 12 - (-2)/2. Calculate i(x).
23
Let z(s) = 2*s. Let u(p) = 11*p - 8. Let k(n) = 21*n - 16. Let t(d) = -4*k(d) + 7*u(d). Let l(v) = -t(v) - 4*z(v). Let y = 11 + -19. Calculate l(y).
0
Let s(b) = -2*b**2 + b + 1. Let x(z) = -4*z**2 + 2*z + 2. Let f(w) = 3*s(w) - x(w). Calculate f(-1).
-2
Suppose 4*x - y + 2 = 0, 0 = 2*x - y + 6 - 4. Let m(s) = 437 - 430 + 59*s - s**2 - 60*s. Determine m(x).
7
Let t(u) be the second derivative of -u**5/20 + 4*u**4/3 - 5*u**3/2 - 8*u**2 + 621*u. What is t(15)?
-16
Let d(k) = 2*k - 6. Let u be d(4). Suppose -u*n + 0*n + 6 = 0. Suppose 4*v - 7 = -2*q - 1, -2*q = n*v - 2. Let g(r) = -r**2 - 7*r - 1. Determine g(q).
9
Let b(o) be the second derivative of o**4/12 + o**3/6 - 3*o**2/2 + o. Let y(a) be the first derivative of a**3/3 - 5*a**2/2 + 4*a + 4. Let t be y(5). Give b(t).
17
Let r(b) = 3 + b**2 - b**3 - 439*b + 809*b - 371*b. Let c(a) = a**3 + 5*a**2 + 3*a - 2. Let w be c(-4). Let g = 2 - w. Give r(g).
3
Let i = 6 - 4. Let m(f) = 3 - 6*f - 4*f**2 + 7 + 0*f + 3*f**i. Give m(-7).
3
Let t(d) = 2*d + 22. Let a(v) = v + 11. Let c be (-22)/44*1*-10. Let q(k) = c*a(k) - 3*t(k). Determine q(-6).
-5
Suppose 105 = -3*v - 2*v. Let c = -47 - v. Let z = 24 + c. Let q(s) = 2*s**2 - 3*s - 2. Calculate q(z).
12
Suppose 6 = -2*t + 24. Suppose -q + 5*i - t = 0, 15 - 1 = 2*q - 2*i. Let j = -18 + q. Let s(m) = m + 2. Calculate s(j).
-5
Let u(h) = 7*h**2 + 17*h + 3. Let q(s) = 3*s**2 + 8*s + 2. Let z = -4 + 2. Let v(l) = z*u(l) + 5*q(l). Let o(b) = 12*b + 55. Let y be o(-5). Give v(y).
-1
Let p(m) = 5*m - 6. Let h be p(4). Suppose -h - 22 = -6*l. Let r(n) = -n**3 + 6*n**2 + n - 8. Determine r(l).
-2
Let m(g) = -g**2 - 6*g - 3. Let r = 232 + -146. Suppose -3*f + 31 = -4*q + r, -5*f = 2*q + 5. Let u = q + -15. What is m(u)?
2
Suppose 9 - 6 = -k. Let n(l) = 5*l - 4*l + l**2 + 12 - 11. Determine n(k).
7
Let l(p) = p**2 + 4*p - 5. Let h(k) = 2*k + 11. Let i be h(-12). Let z = i - -11. Let a(x) = 4*x + 3. Let s be a(z). What is l(s)?
0
Let x(y) = 3*y. Let q(g) = 57*g. Let f(w) = 6*q(w) - 117*x(w). Determine f(2).
-18
Suppose 5*k - 15 = 5*f, 9 = 3*k - 10*f + 5*f. Let i(h) = 5 - 3*h**k - 15*h**3 - 5 + h. Calculate i(-1).
17
Let m(s) = 51*s - 107*s + 4 + 54*s. Determine m(-3).
10
Suppose -6*f = -9*f - 21. Let b(x) be the second derivative of -x**5/20 - x**4/2 + 5*x**3/6 + x**2 - 5*x. What